{"id":14,"date":"2024-02-25T18:56:09","date_gmt":"2024-02-25T17:56:09","guid":{"rendered":"https:\/\/brandskope.com\/?page_id=14"},"modified":"2024-02-25T23:31:19","modified_gmt":"2024-02-25T22:31:19","slug":"inicio","status":"publish","type":"page","link":"https:\/\/brandskope.com\/","title":{"rendered":"Inicio"},"content":{"rendered":"\n<div class=\"wp-block-cover alignfull is-light\" style=\"margin-top:0;margin-bottom:0;min-height:693px;aspect-ratio:unset;\"><span aria-hidden=\"true\" class=\"wp-block-cover__background has-background-dim-100 has-background-dim has-background-gradient\" style=\"background:linear-gradient(35deg,rgb(6,0,151) 0%,rgb(130,4,255) 73%,rgb(193,15,255) 100%)\"><\/span><div class=\"wp-block-cover__inner-container is-layout-flow wp-container-core-cover-is-layout-1 wp-block-cover-is-layout-flow\">\n<div class=\"wp-block-group alignwide is-vertical is-content-justification-center is-layout-flex wp-container-core-group-is-layout-1 wp-block-group-is-layout-flex\" style=\"padding-right:var(--wp--preset--spacing--60);padding-left:var(--wp--preset--spacing--60)\">\n<div class=\"wp-block-media-text alignfull has-media-on-the-right is-stacked-on-mobile\" style=\"grid-template-columns:auto 43%\"><div class=\"wp-block-media-text__content\">\n<h2 class=\"wp-block-heading\">Impulsa tu presencia digital con Marketing Digital efectivo<\/h2>\n\n\n\n<p>Lib\u00e9rate de la preocupaci\u00f3n por tu presencia digital y maximiza tus ventas mientras nosotros nos encargamos de todo.<\/p>\n<\/div><figure class=\"wp-block-media-text__media\"><img fetchpriority=\"high\" decoding=\"async\" width=\"407\" height=\"310\" src=\"http:\/\/brandskope.com\/wp-content\/uploads\/2024\/02\/17579-removebg-preview-e1708886040573.png\" alt=\"Elementos de MArketing Digital\" class=\"wp-image-43 size-full\" srcset=\"https:\/\/brandskope.com\/wp-content\/uploads\/2024\/02\/17579-removebg-preview-e1708886040573.png 407w, https:\/\/brandskope.com\/wp-content\/uploads\/2024\/02\/17579-removebg-preview-e1708886040573-300x229.png 300w\" sizes=\"(max-width: 407px) 100vw, 407px\" \/><\/figure><\/div>\n\n\n\n<div class=\"wp-block-buttons is-layout-flex wp-block-buttons-is-layout-flex\">\n<div class=\"wp-block-button has-custom-width wp-block-button__width-100\"><a class=\"wp-block-button__link wp-element-button\">\u00a1Potencia tu \u00e9xito digital!<\/a><\/div>\n<\/div>\n<\/div>\n<\/div><\/div>\n\n\n\n<div class=\"wp-block-group alignfull is-layout-constrained wp-container-core-group-is-layout-2 wp-block-group-is-layout-constrained\" id=\"services\" style=\"padding-top:144px;padding-bottom:0px\">\n<h2 class=\"wp-block-heading\">Nuestros Servicios<\/h2>\n\n\n\n<div class=\"wp-block-columns is-layout-flex wp-container-core-columns-is-layout-1 wp-block-columns-is-layout-flex\" style=\"margin-top:50px\">\n<div class=\"wp-block-column is-layout-flow wp-container-core-column-is-layout-1 wp-block-column-is-layout-flow\">\n<figure class=\"wp-block-image size-full\"><img decoding=\"async\" width=\"2560\" height=\"1708\" src=\"https:\/\/brandskope.com\/wp-content\/uploads\/2024\/02\/Gestion-Redes-Sociales-scaled.jpg\" alt=\"Gesti\u00f3n redes sociales\" class=\"wp-image-70\" srcset=\"https:\/\/brandskope.com\/wp-content\/uploads\/2024\/02\/Gestion-Redes-Sociales-scaled.jpg 2560w, https:\/\/brandskope.com\/wp-content\/uploads\/2024\/02\/Gestion-Redes-Sociales-300x200.jpg 300w, https:\/\/brandskope.com\/wp-content\/uploads\/2024\/02\/Gestion-Redes-Sociales-1024x683.jpg 1024w, https:\/\/brandskope.com\/wp-content\/uploads\/2024\/02\/Gestion-Redes-Sociales-768x512.jpg 768w, https:\/\/brandskope.com\/wp-content\/uploads\/2024\/02\/Gestion-Redes-Sociales-1536x1025.jpg 1536w, https:\/\/brandskope.com\/wp-content\/uploads\/2024\/02\/Gestion-Redes-Sociales-2048x1366.jpg 2048w\" sizes=\"(max-width: 2560px) 100vw, 2560px\" \/><\/figure>\n\n\n\n<h3 class=\"wp-block-heading\" style=\"margin-top:16px\"><strong>Gesti\u00f3n de Redes Sociales<\/strong><\/h3>\n\n\n\n<p class=\"has-small-font-size\">Aprovecha el poder de las redes sociales para conectarte con tu audiencia de manera aut\u00e9ntica y construir una comunidad s\u00f3lida. Nuestros expertos en gesti\u00f3n de redes sociales te ayudar\u00e1n a desarrollar una estrategia efectiva, crear contenido relevante y gestionar tus perfiles para aumentar el compromiso y generar un impacto duradero.<\/p>\n<\/div>\n\n\n\n<div class=\"wp-block-column is-layout-flow wp-container-core-column-is-layout-2 wp-block-column-is-layout-flow\">\n<figure class=\"wp-block-image size-full\"><img decoding=\"async\" width=\"2560\" height=\"1706\" src=\"http:\/\/brandskope.com\/wp-content\/uploads\/2024\/02\/Publicidad-Online-scaled.jpg\" alt=\"Publicidad online\" class=\"wp-image-71\" srcset=\"https:\/\/brandskope.com\/wp-content\/uploads\/2024\/02\/Publicidad-Online-scaled.jpg 2560w, https:\/\/brandskope.com\/wp-content\/uploads\/2024\/02\/Publicidad-Online-300x200.jpg 300w, https:\/\/brandskope.com\/wp-content\/uploads\/2024\/02\/Publicidad-Online-1024x683.jpg 1024w, https:\/\/brandskope.com\/wp-content\/uploads\/2024\/02\/Publicidad-Online-768x512.jpg 768w, https:\/\/brandskope.com\/wp-content\/uploads\/2024\/02\/Publicidad-Online-1536x1024.jpg 1536w, https:\/\/brandskope.com\/wp-content\/uploads\/2024\/02\/Publicidad-Online-2048x1365.jpg 2048w\" sizes=\"(max-width: 2560px) 100vw, 2560px\" \/><\/figure>\n\n\n\n<h3 class=\"wp-block-heading\" style=\"margin-top:16px\"><strong>Publicidad Online<\/strong><\/h3>\n\n\n\n<p class=\"has-small-font-size\">Maximiza tu visibilidad en l\u00ednea y aumenta tus conversiones a trav\u00e9s de nuestra experiencia en publicidad pagada. Utilizamos las plataformas publicitarias m\u00e1s efectivas para llegar a tu p\u00fablico objetivo de manera precisa y rentable, optimizando continuamente tus campa\u00f1as para obtener el mejor retorno de inversi\u00f3n.<\/p>\n<\/div>\n\n\n\n<div class=\"wp-block-column is-layout-flow wp-container-core-column-is-layout-3 wp-block-column-is-layout-flow\">\n<figure class=\"wp-block-image size-full\"><img loading=\"lazy\" decoding=\"async\" width=\"2560\" height=\"1707\" src=\"http:\/\/brandskope.com\/wp-content\/uploads\/2024\/02\/Diseno-de-logos-scaled.jpg\" alt=\"Dise\u00f1o de marca\" class=\"wp-image-72\" srcset=\"https:\/\/brandskope.com\/wp-content\/uploads\/2024\/02\/Diseno-de-logos-scaled.jpg 2560w, https:\/\/brandskope.com\/wp-content\/uploads\/2024\/02\/Diseno-de-logos-300x200.jpg 300w, https:\/\/brandskope.com\/wp-content\/uploads\/2024\/02\/Diseno-de-logos-1024x683.jpg 1024w, https:\/\/brandskope.com\/wp-content\/uploads\/2024\/02\/Diseno-de-logos-768x512.jpg 768w, https:\/\/brandskope.com\/wp-content\/uploads\/2024\/02\/Diseno-de-logos-1536x1024.jpg 1536w, https:\/\/brandskope.com\/wp-content\/uploads\/2024\/02\/Diseno-de-logos-2048x1365.jpg 2048w\" sizes=\"(max-width: 2560px) 100vw, 2560px\" \/><\/figure>\n\n\n\n<h3 class=\"wp-block-heading\" style=\"margin-top:16px\"><strong>Crea tu presencia digital desde cero<\/strong><\/h3>\n\n\n\n<p class=\"has-small-font-size\">Creamos la identidad de marca para tu negocio y construimos tu presencia digital desde cero. Destaca en l\u00ednea con un sitio web profesional, estrategias de contenido persuasivas y una fuerte presencia en redes sociales. \u00a1Deja que hagamos brillar tu marca en el mundo digital!<\/p>\n<\/div>\n<\/div>\n<\/div>\n\n\n\n<div class=\"wp-block-group alignfull has-ast-global-color-5-background-color has-background is-layout-constrained wp-container-core-group-is-layout-4 wp-block-group-is-layout-constrained\" id=\"about\" style=\"padding-top:143px;padding-bottom:144px\">\n<div class=\"wp-block-media-text has-media-on-the-right is-stacked-on-mobile is-vertically-aligned-center\"><div class=\"wp-block-media-text__content\">\n<div class=\"inherit-container-width wp-block-group is-layout-constrained wp-block-group-is-layout-constrained\" style=\"padding-right:80px\">\n<h2 class=\"wp-block-heading\" style=\"padding-right:40px\">Servicios de Marketing Digital<\/h2>\n\n\n\n<p>En BrandSkope, nos enorgullece ofrecer una amplia gama de servicios de marketing digital dise\u00f1ados para impulsar tu negocio al siguiente nivel. Nuestro equipo de expertos en marketing est\u00e1 listo para brindarte soluciones personalizadas y efectivas que te ayudar\u00e1n a obtener resultados tangibles en tiempo r\u00e9cord.<\/p>\n<\/div>\n<\/div><figure class=\"wp-block-media-text__media\"><img decoding=\"async\" src=\"https:\/\/brandskope.com\/wp-content\/themes\/astra\/inc\/assets\/images\/starter-content\/about-us.jpg\" alt=\"\" class=\"wp-image-237 size-full\"\/><\/figure><\/div>\n<\/div>\n\n\n\n<div class=\"wp-block-group alignfull is-layout-constrained wp-container-core-group-is-layout-5 wp-block-group-is-layout-constrained\" id=\"whyus\" style=\"padding-top:144px;padding-bottom:144px\">\n<h2 class=\"wp-block-heading\">Why Choose Us<\/h2>\n\n\n\n<div class=\"wp-block-columns is-layout-flex wp-container-core-columns-is-layout-2 wp-block-columns-is-layout-flex\" style=\"margin-top:60px\">\n<div class=\"wp-block-column is-layout-flow wp-container-core-column-is-layout-4 wp-block-column-is-layout-flow\">\n<figure class=\"wp-block-image size-large\"><img decoding=\"async\" src=\"https:\/\/brandskope.com\/wp-content\/themes\/astra\/inc\/assets\/images\/starter-content\/passionate.svg\" alt=\"\" class=\"wp-image-162\"\/><\/figure>\n\n\n\n<h3 class=\"wp-block-heading\" style=\"margin-top:16px\">Personalizaci\u00f3n <\/h3>\n\n\n\n<p>Dise\u00f1amos estrategias a medida para cada empresa, centr\u00e1ndonos en sus necesidades y las de su mercado objetivo..<\/p>\n<\/div>\n\n\n\n<div class=\"wp-block-column is-layout-flow wp-container-core-column-is-layout-5 wp-block-column-is-layout-flow\">\n<figure class=\"wp-block-image size-large\"><img decoding=\"async\" src=\"https:\/\/brandskope.com\/wp-content\/themes\/astra\/inc\/assets\/images\/starter-content\/professional.svg\" alt=\"\" class=\"wp-image-163\"\/><\/figure>\n\n\n\n<h3 class=\"wp-block-heading\" style=\"margin-top:16px\">Profesionalidad<\/h3>\n\n\n\n<p>Creamos estrategias adaptadas a las \u00faltimas tendencias del sector.<\/p>\n<\/div>\n\n\n\n<div class=\"wp-block-column is-layout-flow wp-container-core-column-is-layout-6 wp-block-column-is-layout-flow\">\n<figure class=\"wp-block-image size-large\"><img decoding=\"async\" src=\"https:\/\/brandskope.com\/wp-content\/themes\/astra\/inc\/assets\/images\/starter-content\/support.svg\" alt=\"\" class=\"wp-image-164\"\/><\/figure>\n\n\n\n<h3 class=\"wp-block-heading\" style=\"margin-top:16px\">Enfoque 360<\/h3>\n\n\n\n<p>Manejamos distintas \u00e1reas del marketing digital para desarrollar estrategias omnicanal.<\/p>\n<\/div>\n<\/div>\n<\/div>\n\n\n\n<div class=\"wp-block-group alignfull has-background is-layout-constrained wp-container-core-group-is-layout-6 wp-block-group-is-layout-constrained\" id=\"contact\" style=\"background:linear-gradient(35deg,rgb(6,0,151) 0%,rgb(130,4,255) 64%,rgb(193,15,255) 98%);padding-top:104px;padding-bottom:104px\">\n<h2 class=\"wp-block-heading has-text-align-center has-text-color\" style=\"color:#ffffff\">\u00a1Comienza con tu estrategia digital!<\/h2>\n\n\n\n<div class=\"wp-block-buttons alignwide is-horizontal is-content-justification-center is-layout-flex wp-container-core-buttons-is-layout-2 wp-block-buttons-is-layout-flex\" style=\"margin-top:50px\">\n<div class=\"wp-block-button\"><a class=\"wp-block-button__link wp-element-button\">Quiero comenzar<\/a><\/div>\n<\/div>\n<\/div>\n\n\n\n<div class=\"wp-block-group alignfull has-ast-global-color-4-background-color has-background is-layout-constrained wp-container-core-group-is-layout-7 wp-block-group-is-layout-constrained\" id=\"reviews\">\n<h3 class=\"wp-block-heading\">\u00a1Desata tu potencial digital con nuestros secretos exclusivos!<\/h3>\n\n\n\n<div class=\"wp-block-columns is-layout-flex wp-container-core-columns-is-layout-3 wp-block-columns-is-layout-flex\">\n<div class=\"wp-block-column is-layout-flow wp-block-column-is-layout-flow\">\n<figure class=\"wp-block-image size-large is-resized has-custom-border\"><img loading=\"lazy\" decoding=\"async\" width=\"2560\" height=\"2560\" src=\"https:\/\/brandskope.com\/wp-content\/uploads\/2024\/02\/hands-holding-smartphone-social-media-concept-edited-1-scaled.jpg\" alt=\"\" class=\"wp-image-98\" style=\"border-style:none;border-width:0px;border-radius:55px;width:323px;height:auto\" srcset=\"https:\/\/brandskope.com\/wp-content\/uploads\/2024\/02\/hands-holding-smartphone-social-media-concept-edited-1-scaled.jpg 2560w, https:\/\/brandskope.com\/wp-content\/uploads\/2024\/02\/hands-holding-smartphone-social-media-concept-edited-1-300x300.jpg 300w, https:\/\/brandskope.com\/wp-content\/uploads\/2024\/02\/hands-holding-smartphone-social-media-concept-edited-1-1024x1024.jpg 1024w, https:\/\/brandskope.com\/wp-content\/uploads\/2024\/02\/hands-holding-smartphone-social-media-concept-edited-1-150x150.jpg 150w, https:\/\/brandskope.com\/wp-content\/uploads\/2024\/02\/hands-holding-smartphone-social-media-concept-edited-1-768x768.jpg 768w, https:\/\/brandskope.com\/wp-content\/uploads\/2024\/02\/hands-holding-smartphone-social-media-concept-edited-1-1536x1536.jpg 1536w, https:\/\/brandskope.com\/wp-content\/uploads\/2024\/02\/hands-holding-smartphone-social-media-concept-edited-1-2048x2048.jpg 2048w\" sizes=\"(max-width: 2560px) 100vw, 2560px\" \/><\/figure>\n<\/div>\n\n\n\n<div class=\"wp-block-column is-layout-flow wp-block-column-is-layout-flow\"><style id=\"wpforms-css-vars-root\">\n\t\t\t\t:root {\n\t\t\t\t\t--wpforms-field-border-radius: 3px;\n--wpforms-field-border-style: solid;\n--wpforms-field-border-size: 1px;\n--wpforms-field-background-color: #ffffff;\n--wpforms-field-border-color: rgba( 0, 0, 0, 0.25 );\n--wpforms-field-border-color-spare: rgba( 0, 0, 0, 0.25 );\n--wpforms-field-text-color: rgba( 0, 0, 0, 0.7 );\n--wpforms-field-menu-color: #ffffff;\n--wpforms-label-color: rgba( 0, 0, 0, 0.85 );\n--wpforms-label-sublabel-color: rgba( 0, 0, 0, 0.55 );\n--wpforms-label-error-color: #d63637;\n--wpforms-button-border-radius: 3px;\n--wpforms-button-border-style: none;\n--wpforms-button-border-size: 1px;\n--wpforms-button-background-color: #066aab;\n--wpforms-button-border-color: #066aab;\n--wpforms-button-text-color: #ffffff;\n--wpforms-page-break-color: #066aab;\n--wpforms-background-image: none;\n--wpforms-background-position: center center;\n--wpforms-background-repeat: no-repeat;\n--wpforms-background-size: cover;\n--wpforms-background-width: 100px;\n--wpforms-background-height: 100px;\n--wpforms-background-color: rgba( 0, 0, 0, 0 );\n--wpforms-background-url: none;\n--wpforms-container-padding: 0px;\n--wpforms-container-border-style: none;\n--wpforms-container-border-width: 1px;\n--wpforms-container-border-color: #000000;\n--wpforms-container-border-radius: 3px;\n--wpforms-field-size-input-height: 43px;\n--wpforms-field-size-input-spacing: 15px;\n--wpforms-field-size-font-size: 16px;\n--wpforms-field-size-line-height: 19px;\n--wpforms-field-size-padding-h: 14px;\n--wpforms-field-size-checkbox-size: 16px;\n--wpforms-field-size-sublabel-spacing: 5px;\n--wpforms-field-size-icon-size: 1;\n--wpforms-label-size-font-size: 16px;\n--wpforms-label-size-line-height: 19px;\n--wpforms-label-size-sublabel-font-size: 14px;\n--wpforms-label-size-sublabel-line-height: 17px;\n--wpforms-button-size-font-size: 17px;\n--wpforms-button-size-height: 41px;\n--wpforms-button-size-padding-h: 15px;\n--wpforms-button-size-margin-top: 10px;\n--wpforms-container-shadow-size-box-shadow: none;\n\n\t\t\t\t}\n\t\t\t<\/style><style id=\"wpforms-css-vars-59-block-12968edf-560d-4269-94b7-bfa24a3e9894\">\n\t\t\t\t#wpforms-59.wpforms-block-12968edf-560d-4269-94b7-bfa24a3e9894 {\n\t\t\t\t\t--wpforms-field-border-radius: 8px;\n--wpforms-button-border-radius: 9px;\n--wpforms-button-background-color: #9b51e0;\n\n\t\t\t\t}\n\t\t\t<\/style><div class=\"wpforms-container wpforms-container-full wpforms-block wpforms-block-12968edf-560d-4269-94b7-bfa24a3e9894 wpforms-render-modern\" id=\"wpforms-59\"><form id=\"wpforms-form-59\" class=\"wpforms-validate wpforms-form wpforms-ajax-form\" data-formid=\"59\" method=\"post\" enctype=\"multipart\/form-data\" action=\"\/index.php\/wp-json\/wp\/v2\/pages\/14\" data-token=\"5a46ad082f3ae015454db70f84686a37\" data-token-time=\"1778185986\"><noscript class=\"wpforms-error-noscript\">Please enable JavaScript in your browser to complete this form.<\/noscript><div class=\"wpforms-hidden\" id=\"wpforms-error-noscript\">Please enable JavaScript in your browser to complete this form.<\/div><div class=\"wpforms-field-container\"><div id=\"wpforms-59-field_1-container\" class=\"wpforms-field wpforms-field-name wpforms-one-half wpforms-firstwpforms-one-half wpforms-first\" data-field-id=\"1\"><fieldset><legend class=\"wpforms-field-label\">Nombre <span class=\"wpforms-required-label\" aria-hidden=\"true\">*<\/span><\/legend><div class=\"wpforms-field-row wpforms-field-large\"><div class=\"wpforms-field-row-block wpforms-first wpforms-one-half\"><input type=\"text\" id=\"wpforms-59-field_1\" class=\"wpforms-field-name-first wpforms-field-required\" name=\"wpforms[fields][1][first]\" aria-errormessage=\"wpforms-59-field_1-error\" required><label for=\"wpforms-59-field_1\" class=\"wpforms-field-sublabel after\">First<\/label><\/div><div class=\"wpforms-field-row-block wpforms-one-half\"><input type=\"text\" id=\"wpforms-59-field_1-last\" class=\"wpforms-field-name-last wpforms-field-required\" name=\"wpforms[fields][1][last]\" aria-errormessage=\"wpforms-59-field_1-last-error\" required><label for=\"wpforms-59-field_1-last\" class=\"wpforms-field-sublabel after\">Last<\/label><\/div><\/div><\/fieldset><\/div><div id=\"wpforms-59-field_2-container\" class=\"wpforms-field wpforms-field-email\" data-field-id=\"2\"><label class=\"wpforms-field-label\" for=\"wpforms-59-field_2\">Email <span class=\"wpforms-required-label\" aria-hidden=\"true\">*<\/span><\/label><input type=\"email\" id=\"wpforms-59-field_2\" class=\"wpforms-field-large wpforms-field-required\" name=\"wpforms[fields][2]\" spellcheck=\"false\" aria-errormessage=\"wpforms-59-field_2-error\" required><\/div><\/div><!-- .wpforms-field-container --><div class=\"wpforms-submit-container\" ><input type=\"hidden\" name=\"wpforms[id]\" value=\"59\"><input type=\"hidden\" name=\"page_title\" value=\"\"><input type=\"hidden\" name=\"page_url\" value=\"https:\/\/brandskope.com\/index.php\/wp-json\/wp\/v2\/pages\/14\"><button type=\"submit\" name=\"wpforms[submit]\" id=\"wpforms-submit-59\" class=\"wpforms-submit\" data-alt-text=\"Enviando...\" data-submit-text=\"Enviar\" aria-live=\"assertive\" value=\"wpforms-submit\">Enviar<\/button><img loading=\"lazy\" decoding=\"async\" src=\"https:\/\/brandskope.com\/wp-content\/plugins\/wpforms-lite\/assets\/images\/submit-spin.svg\" class=\"wpforms-submit-spinner\" style=\"display: none;\" width=\"26\" height=\"26\" alt=\"Loading\"><\/div><\/form><\/div>  <!-- .wpforms-container --><\/div>\n<\/div>\n<\/div>\n","protected":false},"excerpt":{"rendered":"<p>Nuestros Servicios Gesti\u00f3n de Redes Sociales Aprovecha el poder de las redes sociales para conectarte con tu audiencia de manera [&hellip;]<\/p>\n","protected":false},"author":1,"featured_media":0,"parent":0,"menu_order":0,"comment_status":"closed","ping_status":"closed","template":"","meta":{"om_disable_all_campaigns":false,"_monsterinsights_skip_tracking":false,"_monsterinsights_sitenote_active":false,"_monsterinsights_sitenote_note":"","_monsterinsights_sitenote_category":0,"site-sidebar-layout":"no-sidebar","site-content-layout":"plain-container","ast-site-content-layout":"","site-content-style":"default","site-sidebar-style":"default","ast-global-header-display":"","ast-banner-title-visibility":"","ast-main-header-display":"","ast-hfb-above-header-display":"","ast-hfb-below-header-display":"","ast-hfb-mobile-header-display":"","site-post-title":"disabled","ast-breadcrumbs-content":"","ast-featured-img":"","footer-sml-layout":"","theme-transparent-header-meta":"enabled","adv-header-id-meta":"","stick-header-meta":"","header-above-stick-meta":"","header-main-stick-meta":"","header-below-stick-meta":"","astra-migrate-meta-layouts":"default","ast-page-background-enabled":"default","ast-page-background-meta":{"desktop":{"background-color":"var(--ast-global-color-4)","background-image":"","background-repeat":"repeat","background-position":"center center","background-size":"auto","background-attachment":"scroll","background-type":"","background-media":"","overlay-type":"","overlay-color":"","overlay-opacity":"","overlay-gradient":""},"tablet":{"background-color":"","background-image":"","background-repeat":"repeat","background-position":"center center","background-size":"auto","background-attachment":"scroll","background-type":"","background-media":"","overlay-type":"","overlay-color":"","overlay-opacity":"","overlay-gradient":""},"mobile":{"background-color":"","background-image":"","background-repeat":"repeat","background-position":"center center","background-size":"auto","background-attachment":"scroll","background-type":"","background-media":"","overlay-type":"","overlay-color":"","overlay-opacity":"","overlay-gradient":""}},"ast-content-background-meta":{"desktop":{"background-color":"var(--ast-global-color-5)","background-image":"","background-repeat":"repeat","background-position":"center center","background-size":"auto","background-attachment":"scroll","background-type":"","background-media":"","overlay-type":"","overlay-color":"","overlay-opacity":"","overlay-gradient":""},"tablet":{"background-color":"var(--ast-global-color-5)","background-image":"","background-repeat":"repeat","background-position":"center center","background-size":"auto","background-attachment":"scroll","background-type":"","background-media":"","overlay-type":"","overlay-color":"","overlay-opacity":"","overlay-gradient":""},"mobile":{"background-color":"var(--ast-global-color-5)","background-image":"","background-repeat":"repeat","background-position":"center center","background-size":"auto","background-attachment":"scroll","background-type":"","background-media":"","overlay-type":"","overlay-color":"","overlay-opacity":"","overlay-gradient":""}},"footnotes":""},"aioseo_notices":[],"_links":{"self":[{"href":"https:\/\/brandskope.com\/index.php\/wp-json\/wp\/v2\/pages\/14"}],"collection":[{"href":"https:\/\/brandskope.com\/index.php\/wp-json\/wp\/v2\/pages"}],"about":[{"href":"https:\/\/brandskope.com\/index.php\/wp-json\/wp\/v2\/types\/page"}],"author":[{"embeddable":true,"href":"https:\/\/brandskope.com\/index.php\/wp-json\/wp\/v2\/users\/1"}],"replies":[{"embeddable":true,"href":"https:\/\/brandskope.com\/index.php\/wp-json\/wp\/v2\/comments?post=14"}],"version-history":[{"count":22,"href":"https:\/\/brandskope.com\/index.php\/wp-json\/wp\/v2\/pages\/14\/revisions"}],"predecessor-version":[{"id":107,"href":"https:\/\/brandskope.com\/index.php\/wp-json\/wp\/v2\/pages\/14\/revisions\/107"}],"wp:attachment":[{"href":"https:\/\/brandskope.com\/index.php\/wp-json\/wp\/v2\/media?parent=14"}],"curies":[{"name":"wp","href":"https:\/\/api.w.org\/{rel}","templated":true}]}}